e the greatest common divisor of 25 and 30375.
25
What is the greatest common factor of 1211 and 9342?
173
Calculate the highest common factor of 13288 and 40.
8
What is the highest common divisor of 472 and 72?
8
What is the greatest common factor of 2230 and 10?
10
What is the greatest common factor of 610 and 61?
61
Calculate the highest common divisor of 20360 and 30.
10
What is the highest common divisor of 34 and 323?
17
What is the highest common factor of 2842 and 490?
98
Calculate the greatest common factor of 1372 and 28.
28
What is the greatest common divisor of 51 and 357?
51
Calculate the highest common factor of 117631 and 79.
79
Calculate the greatest common factor of 11 and 99.
11
Calculate the highest common factor of 124 and 16.
4
What is the highest common factor of 76 and 4?
4
Calculate the greatest common divisor of 32013 and 18.
9
Calculate the highest common divisor of 62 and 1426.
62
Calculate the highest common divisor of 22 and 1738.
22
What is the greatest common divisor of 405 and 2943?
27
What is the greatest common divisor of 66 and 429?
33
Calculate the greatest common factor of 325 and 25.
25
What is the greatest common factor of 15810 and 5?
5
What is the greatest common factor of 144 and 96?
48
What is the highest common divisor of 2 and 58?
2
What is the highest common factor of 280 and 120?
40
Calculate the greatest common divisor of 80 and 60.
20
What is the highest common factor of 17 and 4?
1
Calculate the greatest common factor of 180 and 380.
20
What is the greatest common divisor of 240 and 2592?
48
What is the greatest common divisor of 38128 and 16?
16
Calculate the greatest common divisor of 2806 and 122.
122
Calculate the highest common factor of 59 and 944.
59
Calculate the greatest common factor of 576 and 5952.
192
Calculate the highest common divisor of 6 and 89.
1
Calculate the highest common factor of 50 and 450.
50
Calculate the highest common factor of 22 and 77.
11
Calculate the highest common factor of 91 and 26.
13
Calculate the highest common factor of 16 and 508.
4
Calculate the highest common divisor of 4364 and 4.
4
Calculate the greatest common divisor of 60 and 42.
6
What is the greatest common factor of 144 and 320?
16
Calculate the highest common divisor of 413 and 472.
59
Calculate the greatest common factor of 201 and 670.
67
Calculate the greatest common factor of 23 and 391.
23
What is the highest common divisor of 9 and 39?
3
Calculate the greatest common factor of 344 and 8.
8
Calculate the highest common factor of 517 and 77.
11
Calculate the greatest common divisor of 83 and 11537.
83
Calculate the greatest common factor of 594 and 374.
22
Calculate the highest common factor of 16112 and 4.
4
What is the highest common factor of 869 and 79?
79
Calculate the highest common factor of 228 and 57.
57
Calculate the greatest common divisor of 2 and 64.
2
What is the greatest common factor of 45 and 10?
5
What is the greatest common divisor of 66 and 693?
33
Calculate the greatest common factor of 945 and 1080.
135
Calculate the greatest common factor of 150 and 48.
6
Calculate the greatest common factor of 12 and 732.
12
Calculate the highest common divisor of 760 and 2880.
40
What is the highest common factor of 10 and 35?
5
Calculate the greatest common factor of 182 and 1106.
14
Calculate the highest common divisor of 10 and 18670.
10
What is the highest common divisor of 63 and 8428?
7
Calculate the greatest common factor of 2188 and 16.
4
Calculate the highest common divisor of 841 and 1.
1
What is the highest common factor of 814 and 222?
74
Calculate the greatest common factor of 73479 and 21.
21
Calculate the highest common divisor of 2216 and 8.
8
Calculate the greatest common factor of 8 and 4184.
8
Calculate the greatest common divisor of 1826 and 55.
11
What is the highest common divisor of 915 and 2085?
15
Calculate the highest common factor of 16 and 112.
16
Calculate the greatest common divisor of 25 and 275.
25
What is the highest common factor of 856 and 16?
8
Calculate the greatest common divisor of 255 and 120.
15
Calculate the highest common divisor of 1560 and 5.
5
What is the highest common divisor of 299 and 69?
23
What is the greatest common factor of 570 and 1805?
95
What is the greatest common factor of 78 and 49946?
26
Calculate the highest common factor of 1869 and 21.
21
What is the greatest common divisor of 901 and 136?
17
Calculate the highest common factor of 3364 and 232.
116
What is the highest common factor of 10642 and 102?
34
Calculate the highest common divisor of 24 and 984.
24
Calculate the greatest common divisor of 70 and 20.
10
What is the greatest common factor of 133 and 152?
19
Calculate the highest common divisor of 234 and 338.
26
Calculate the greatest common divisor of 350 and 1393.
7
Calculate the greatest common divisor of 4 and 302.
2
Calculate the greatest common divisor of 195 and 30.
15
Calculate the highest common divisor of 65 and 1755.
65
What is the highest common divisor of 246 and 6273?
123
Calculate the greatest common divisor of 42 and 98.
14
What is the highest common divisor of 114 and 43548?
114
What is the greatest common divisor of 18 and 171?
9
What is the greatest common divisor of 116 and 493?
29
Calculate the highest common divisor of 1345 and 28783.
269
What is the highest common factor of 5478 and 66?
66
What is the highest common factor of 560 and 100?
20
What is the greatest common factor of 43 and 6751?
43
Calculate the highest common factor of 261 and 116.
29
What is the greatest common divisor of 9 and 183?
3
What is the highest common divisor of 256 and 1440?
32
What is the greatest common factor of 155 and 5?
5
Calculate the highest common divisor of 280 and 42.
14
Calculate the highest common divisor of 66 and 9.
3
Calculate the highest common divisor of 387 and 1677.
129
What is the greatest common factor of 250 and 2?
2
What is the greatest common divisor of 224 and 21616?
112
What is the highest common factor of 63 and 552?
3
Calculate the greatest common divisor of 3357 and 9.
9
Calculate the highest common divisor of 30 and 81.
3
Calculate the highest common divisor of 21 and 133.
7
Calculate the highest common divisor of 1147 and 248.
31
What is the highest common divisor of 52187 and 23?
23
Calculate the greatest common factor of 1331 and 3872.
121
What is the greatest common divisor of 860 and 4988?
172
Calculate the greatest common divisor of 23 and 1472.
23
Calculate the greatest common factor of 329 and 47.
47
What is the greatest common factor of 29 and 2407?
29
What is the highest common divisor of 1648 and 2?
2
Calculate the greatest common factor of 21 and 609.
21
What is the highest common divisor of 98 and 3479?
49
Calculate the highest common factor of 10 and 370.
10
What is the greatest common factor of 18 and 7551?
9
Calculate the highest common divisor of 1188 and 564.
12
Calculate the highest common factor of 21376 and 32.
32
Calculate the highest common divisor of 111 and 12.
3
Calculate the highest common divisor of 783 and 58.
29
What is the highest common factor of 33 and 4983?
33
What is the greatest common divisor of 33 and 2805?
33
What is the greatest common divisor of 13806 and 52?
26
Calculate the highest common factor of 1710 and 60.
30
Calculate the highest common factor of 58 and 1827.
29
What is the greatest common factor of 37 and 259?
37
What is the highest common factor of 20 and 14150?
10
Calculate the greatest common divisor of 237 and 2449.
79
What is the highest common divisor of 6252 and 12?
12
Calculate the greatest common divisor of 5016 and 15.
3
Calculate the highest common divisor of 50 and 2025.
25
What is the highest common factor of 19 and 608?
19
Calculate the greatest common factor of 44 and 2588.
4
Calculate the highest common divisor of 8 and 24404.
4
Calculate the highest common factor of 17 and 68.
17
Calculate the highest common divisor of 25 and 950.
25
Calculate the greatest common divisor of 84 and 1140.
12
What is the highest common factor of 1681 and 1763?
41
Calculate the highest common factor of 4727 and 232.
29
What is the greatest common divisor of 27 and 90?
9
Calculate the greatest common divisor of 2534 and 70.
14
Calcul